 6, what is 4 - 55?
-51
In base 5, what is 3 - 131?
-123
In base 16, what is -1a0 - 2?
-1a2
In base 16, what is 62 + -3?
5f
In base 14, what is 5 - -a?
11
In base 2, what is -100011 + 11?
-100000
In base 2, what is 11100 + 0?
11100
In base 7, what is 40556 - -2?
40561
In base 6, what is -1 + -13300?
-13301
In base 14, what is 0 + c?
c
In base 5, what is 142 + 12?
204
In base 13, what is 2 + -7a8?
-7a6
In base 5, what is 4 + 43?
102
In base 3, what is 122 + -120?
2
In base 9, what is -636 + 2?
-634
In base 16, what is -30 - 9?
-39
In base 4, what is 100 + -131?
-31
In base 12, what is 6 + 1600?
1606
In base 5, what is 0 - 1212?
-1212
In base 8, what is 4 + 4031?
4035
In base 7, what is 3 + 422?
425
In base 11, what is 605 + -1?
604
In base 4, what is -10 - -1302222?
1302212
In base 5, what is -4424 + -14?
-4443
In base 16, what is 1 + -759?
-758
In base 7, what is 1 + -366?
-365
In base 9, what is 42 - 15?
26
In base 2, what is 101 - 11101?
-11000
In base 16, what is -18a + -3?
-18d
In base 9, what is 5 - -584?
600
In base 12, what is -5 - -11?
8
In base 4, what is -10 + -3122?
-3132
In base 3, what is 11 - -1?
12
In base 7, what is 3153 + 4?
3160
In base 7, what is 42 - 2?
40
In base 8, what is -25 + -33?
-60
In base 6, what is -14440 + 4?
-14432
In base 2, what is -100 - -1001010100?
1001010000
In base 12, what is 1081 - -2?
1083
In base 12, what is -1 - 312?
-313
In base 7, what is 32 + -4?
25
In base 16, what is -9c - 3?
-9f
In base 14, what is -a + d9?
cd
In base 16, what is -a + 5?
-5
In base 4, what is -1003 - -2?
-1001
In base 3, what is 1021 + -10122?
-2101
In base 15, what is -46e - 5?
-474
In base 5, what is 4 - 212?
-203
In base 5, what is -43 + 30?
-13
In base 16, what is -5a84 + 0?
-5a84
In base 5, what is 21 - -3041?
3112
In base 13, what is -4 - 5aa?
-5b1
In base 3, what is -110022 - 1112?
-111211
In base 3, what is 1 - 22201?
-22200
In base 5, what is -1223 + -112?
-1340
In base 10, what is 261 - -6?
267
In base 4, what is -103 + 300?
131
In base 4, what is -30 - -1023?
333
In base 15, what is 2 - -2638?
263a
In base 6, what is -13 - -3045?
3032
In base 14, what is -894 - 2?
-896
In base 16, what is -b - -1c?
11
In base 2, what is -11001 - 1?
-11010
In base 2, what is -11110101 + 10000?
-11100101
In base 16, what is fa4 + 5?
fa9
In base 16, what is 1 + 1?
2
In base 11, what is 28 + 8?
35
In base 5, what is 2434 - -1?
2440
In base 5, what is 3 + 23314?
23322
In base 15, what is 3 + 61?
64
In base 8, what is -273 - -4?
-267
In base 8, what is -3 + -44?
-47
In base 14, what is 5 + -9?
-4
In base 7, what is 35 + -2?
33
In base 7, what is 5 + 5245?
5253
In base 9, what is -38 + 1?
-37
In base 2, what is -101110 - -11011?
-10011
In base 3, what is 12202 + 1011?
20220
In base 3, what is -21112 - 1121?
-100010
In base 3, what is 12 + -22101?
-22012
In base 9, what is 56 - -36?
103
In base 10, what is -3 - -1898?
1895
In base 8, what is 21 - 35?
-14
In base 14, what is 824 + 2?
826
In base 5, what is 31 - -11?
42
In base 5, what is 1240 - 1?
1234
In base 9, what is 8 - 70?
-61
In base 8, what is -3 - 25?
-30
In base 3, what is 12011 + 12?
12100
In base 7, what is -22 - 100?
-122
In base 2, what is 1 + -100111011?
-100111010
In base 2, what is -1101111 + 111?
-1101000
In base 8, what is 3 + -2073?
-2070
In base 16, what is 1 + 500?
501
In base 15, what is 5 - 4d?
-48
In base 14, what is 3 - da1?
-d9c
In base 14, what is 149 + 45?
190
In base 7, what is -21 + 2?
-16
In base 15, what is -59 + 0?
-59
In base 6, what is -13 + -30?
-43
In base 7, what is -5 - 5012?
-5020
In base 12, what is -2 + -a?
-10
In base 2, what is -10010110111011 + -11?
-10010110111110
In base 16, what is 1 + 87?
88
In base 13, what is 5 + -11?
-9
In base 4, what is -103 - -13302?
13133
In base 7, what is 32 + 11?
43
In base 7, what is 1243 - -10?
1253
In base 8, what is -7 + -323?
-332
In base 14, what is -3 - -54?
51
In base 10, what is 16 - -2?
18
In base 2, what is 100101111011110 - -10?
100101111100000
In base 15, what is 1a + -e?
b
In base 6, what is -525 - 53?
-1022
In base 14, what is -3 + -3bd?
-3c2
In base 4, what is -22131 + 21?
-22110
In base 12, what is 4 - -2014?
2018
In base 4, what is 110022 - 11?
110011
In base 12, what is 1083 - a?
1075
In base 13, what is -10 + -1a?
-2a
In base 12, what is 17 - 5?
12
In base 8, what is 1 + 1222?
1223
In base 11, what is 170 + -2?
169
In base 3, what is 2 - 1112201?
-1112122
In base 3, what is -1 - -21121?
21120
In base 12, what is -4a + -4?
-52
In base 10, what is -7 + 51?
44
In base 8, what is -4740 + 10?
-4730
In base 9, what is -3 + 1467?
1464
In base 5, what is 23412 - 4?
23403
In base 16, what is 1eea - 3?
1ee7
In base 10, what is 8245 - 1?
8244
In base 14, what is -15 + -b?
-22
In base 15, what is -c + -6?
-13
In base 9, what is -16807 + 0?
-16807
In base 16, what is 2b + 25?
50
In base 4, what is 122 - -21?
203
In base 10, what is 2 + -50?
-48
In base 6, what is -14 - 224?
-242
In base 4, what is -1300212 - 0?
-1300212
In base 12, what is 5 - -24?
29
In base 4, what is -133 - 3?
-202
In base 3, what is 2112220 + 11?
2120001
In base 15, what is -1 + 50?
4e
In base 7, what is 655 - -13?
1001
In base 13, what is 4 + 59?
60
In base 10, what is -1 - -53?
52
In base 9, what is 43 - 21?
22
In base 13, what is -14 + 141?
12a
In base 12, what is -276 + 8?
-26a
In base 3, what is -11 - -210?
122
In base 3, what is 1 + 21000021?
21000022
In base 16, what is 425 - 9?
41c
In base 11, what is -22 + 41?
1a
In base 15, what is -a0 + 5?
-9a
In base 4, what is -33 - -3?
-30
In base 16, what is 1a - 5?
15
In base 3, what is 2 - 10?
-1
In base 4, what is -1200 - -1102?
-32
In base 4, what is -10 - -1020?
1010
In base 7, what is -23 - -34?
11
In base 16, what is -5 - 38?
-3d
In base 12, what is 1 + -67?
-66
In base 3, what is -11 - 1112?
-1200
In base 9, what is 53 - -1?
54
In base 3, what is -210 - 200?
-1110
In base 12, what is 1 - 1b6?
-1b5
In base 15, what is 67 - -42?
a9
In base 12, what is 14 + -43?
-2b
In base 3, what is 20 - 10100?
-10010
In base 7, what is -2 + -220?
-222
In base 15, what is 24 + b?
30
In base 2, what is -100 + 10010110?
10010010
In base 12, what is -43 - 1?
-44
In base 3, what is -12 - -200022?
200010
In base 3, what is 21021 + 222?
22020
In base 11, what is 33 - 126?
-a3
In base 7, what is 0 + -63?
-63
In base 13, what is 16 + -16?
0
In base 13, what is 15 + 0?
15
In base 11, what is -4 + -1019?
-1022
In base 2, what is -100 + -10010100?
-10011000
In base 7, what is -132 + 16?
-113
In base 15, what is 1c - -58?
75
In base 8, what is -47 + 1063?
1014
In base 4, what is 1220 + 10?
1230
In base 2, what is 100011 - -10?
100101
In base 5, what is 1 + -3?
-2
In base 2, what is 101 - 10100000110?
-10100000001
In base 15, what is -db + 20?
-bb
In base 5, what is -1 + -40221?
-40222
In base 13, what is a + 27?
34
In base 3, what is -22222 - -222?
-22000
In base 11, what is -108 - 10?
-118
In base 10, what is -991 + -1?
-992
In base 7, what is 65 + 10?
105
In base 13, what is 260 + 8?
268
In base 8, what is -3 + 170?
165
In base 8, what is -17 - -126?
107
In base 2, what is 1000111110 + 1?
1000111111
In base 8, what is 64 - 31?
33
In base 14, what is -133 - 1?
-134
In base 4, what is -200312 + 1?
-200311
In base 14, what is -13 + -9?
-1c
In base 15, what is -5 - dbd?
-dc3
In base 10, what is -4 + 79?
75
In base 10, what is 56 + -6?
50
In base 15, what is -12d - e?
-13c
In base 15, what is 5 + 22?
27
In base 7, what is -26612 - 5?
-26620
In base 12, what is -3a - 54?
-92
In base 9, what is 1 + -5381?
-5380
In base 6, what is 2242 - 54?
2144
In base 4, what is 1032313 + -10?
1032303
In base 4, what is -10 + 3003?
2333
In base 5, what is 1 - 133012?
-133011
In base 13, what is -13 + -30?
-43
In base 5, what is 1 + 24413?
24414
In base 16, what is -a - -543?
539
In base 12, what is -4 + 1b?
17
In base 16, what is 134 - 5?
12f
In base 2, what is -11011101 - 110?
-11100011
In base 15, what is -16 + -b?
-22
In base 9, what is 1 + -4?
-3
In base 12, what is 89 - 41?
48
In base 11, what is 4 - -61?
65
In base 15, what is -9 + 4?
-5
In base 8, what is 4 + -401?
-375
In base 16, what is -4a + 0?
-4a
In base 2, what is 111010 - -111?
1000001
In base 8, what is 0 + 1301?
1301
In base 4, what is 10 - -100233?
100303
In b